 of -f**4/12 + f**3/3 + 5*f**2. What is the units digit of w(n)?
6
Suppose 7*z + 22550 = 12*z + 2*g, -z = 5*g - 4487. What is the tens digit of z?
1
Let v(n) = -n**2 - 8*n - 4. Let c be v(-8). What is the units digit of (357/(-3))/(4/c)?
9
Suppose 0 = j + 4 - 5. Let x be (86/4)/(j/2). Suppose 4*d - x = -7. What is the units digit of d?
9
Let n = 242 - -71. Let f = 466 - n. What is the units digit of f?
3
Suppose -7 = z - 9. Suppose 3*c - z*w - 224 = 2*w, 2*c = -3*w + 172. What is the tens digit of c?
8
Let b(k) = -k - 2. Let i be b(0). What is the tens digit of (26/4 - -5) + i/4?
1
Let w be 2 + 44 + (-7 - -8). Suppose -3*b + 46 = 2*l - l, -w = -l - 4*b. What is the tens digit of l?
4
Let h(d) = d**2 + 15*d - 6. Let l(w) = w**2 + 8*w - 3. Let z(y) = 4*h(y) - 7*l(y). Let r be z(2). Let m = 7 - r. What is the tens digit of m?
1
Let c(k) = k**3 - 5*k**2 + 5*k. Suppose -5*z - 31 - 4 = u, 0 = 4*u - 5*z + 115. Let f be (25/u)/(1/(-6)). What is the tens digit of c(f)?
2
Let l be 0 - -1 - (0 + -1). Let b be (l/(-4))/((-2)/128). Suppose -b + 84 = 4*u. What is the units digit of u?
3
Let v(b) = 126*b - 71. What is the thousands digit of v(11)?
1
Suppose -6 = g + 3*b, -3*g = 3*b - 2*b - 6. Suppose 1560 = -2*i + 14*i. Suppose z + i = 5*f, 0 = g*z + 9 + 6. What is the units digit of f?
5
Let n(m) = 7*m - 20. Let i = -11 + 28. What is the units digit of n(i)?
9
Let b(p) = 13*p - 7. Let c(n) = -n - 1. Let s(l) = -b(l) - 4*c(l). Let z(v) = v. Let j(t) = -s(t) - 4*z(t). What is the tens digit of j(5)?
1
Suppose -3*b + 24 = -3*r, -2 - 2 = -3*b - r. Suppose -4*a - b*v = -a - 555, 2*v - 2 = 0. What is the tens digit of a?
8
Suppose -o + z = -4, -5*o + 2 = -z - 2. Suppose 3*q = 6, -4*h + 3*q + 214 = -o*h. What is the tens digit of h?
5
Let o = 67 + -64. Suppose 50 = -2*g + o*g. What is the units digit of g?
0
Let p = -1130 + 1714. Suppose 2*k = j - 82 - 114, 3*j - 2*k = p. What is the tens digit of j?
9
Let h(b) = -b**2 - 8*b - 12. Let v be h(-6). What is the units digit of -2 + 17 + (-4 - v)?
1
Let q = 92 - 36. Let y = -39 + q. What is the units digit of y?
7
Suppose 2*b = 1220 - 26. What is the units digit of b?
7
Let b be (2/(-6))/(10/(-60)). Suppose -2*u = b*y - 130, u + 2*y - 65 = -y. What is the tens digit of u?
6
Let q = 3190 + -2145. What is the hundreds digit of q?
0
Suppose 15 = -3*o - 6. Let z(i) = -7 - 5 + 4 - 2*i. What is the units digit of z(o)?
6
Suppose 6552 = 2725*z - 2717*z. What is the hundreds digit of z?
8
Let c(b) be the third derivative of b**6/120 + b**5/60 - b**3/3 + 3*b**2. Let j be c(-2). Let y = 10 + j. What is the units digit of y?
4
Suppose -3*p = 3*t - 3705, -2*t + 2*p + 2103 = -375. What is the tens digit of t?
3
Suppose 0 = -51*o + 26033 - 1553. What is the units digit of o?
0
Let z be 6*-2*(-3)/(-12). Let n be 120 - z - -4 - -3. Let x = n - 80. What is the tens digit of x?
5
Let o = -3 - -35. Suppose 4*p + 2*h - o = -0*p, -p + 3 = 3*h. Suppose p*m + 28 = 13*m. What is the units digit of m?
7
Let q be 143/22 + 3/(-2). Let h be 224/2 + -6 + q. Let a = -55 + h. What is the units digit of a?
6
Suppose 2*m + q - 8 = -0*q, -16 = 4*q. Let g(y) = 5*y + 37. What is the units digit of g(m)?
7
Suppose 0 = 38*w - 42*w - 4*t + 9820, -5*t = -4*w + 9775. What is the tens digit of w?
5
Let u = -8 + 576. What is the tens digit of u?
6
Suppose 2*n + 18 = -2*b, 4*n - 5*b + 129 - 48 = 0. Let y = 113 - n. What is the hundreds digit of y?
1
Let w(m) be the first derivative of -4 + 10/3*m**3 - 3*m**2 - 1/4*m**4 - 8*m. What is the tens digit of w(9)?
1
Let m = -118 - -127. Let r(s) = 4*s**2 - 3*s - 4. Let q(k) = 7*k**2 - 6*k - 7. Let h(b) = 3*q(b) - 5*r(b). What is the units digit of h(m)?
3
Let u(c) be the third derivative of -c**4/3 - 3*c**3 - 7*c**2. Let p be -1*(-5)/((-5)/8). What is the tens digit of u(p)?
4
Let h(f) = 2*f**2 + 49*f - 87. Let o be h(-27). Let l(p) = -2*p - 6. Let c be l(-6). Suppose c = 2*g - o. What is the tens digit of g?
2
Let m be 4/8*(0 - -16). Suppose u - m*u = 35. What is the units digit of 3 + 41 + (u - -1)?
0
What is the tens digit of (-12 - 140/(-12))*(1 + -2200)?
3
Let j = -12 + 17. Suppose 665 = j*u - 4*t, -u + 6*u + t - 665 = 0. Suppose 5*x + 2*v - u = 0, 4*v + 4 = -0*v. What is the tens digit of x?
2
What is the hundreds digit of (-10)/90 + (-12100)/(-36)?
3
Let l be (52/(-65))/((-4)/30). Suppose 0 = -c - y + 29, l*c + 5*y - 79 = 3*c. What is the tens digit of c?
3
Suppose 0 = 22*d - 15*d - 392. What is the tens digit of d?
5
Let i(f) be the second derivative of f**5/20 - f**4/6 + f**3 + f**2/2 + f. Suppose 66 = -8*q + 90. What is the tens digit of i(q)?
2
Let t = -17 + 23. What is the tens digit of 108/(1/(4/t))?
7
Let u be (-2 - -1)/(3/(-12)). Let v(b) = -b**3 - u*b - 14 + 13 - b**2 + 0*b**3. What is the units digit of v(-3)?
9
Let k = 230 + -129. Let o = 182 - k. What is the tens digit of o?
8
What is the units digit of (2 + 8)/((-3)/(-330))?
0
Let y(z) = z**3 + 25*z**2 - 25*z - 36. What is the units digit of y(-18)?
2
Suppose 0*q - 3*q = 96. Let j be q/112 - (-492)/7. Suppose 0 = 5*k + 3*m - j, 2*k - 42 = -k + m. What is the tens digit of k?
1
Let i be 560/(-42)*(-15)/2. Suppose -264 = -3*w + 3*t, -15*w + 14*w = 2*t - i. What is the tens digit of w?
9
Suppose -5*p = 2*m + 11, 3*p + 4*m = -0*p - 15. Let z be (3 - p) + -1 - 19. What is the units digit of z/64 + 129/4?
2
Let o(k) = -k**3 + 6*k + 14. Let u be o(5). Let f = 153 + u. What is the tens digit of f?
7
Let w = 76 + -51. Suppose 23*o = w*o - 206. What is the units digit of o?
3
Suppose 2*r = -3*r - 65. Let i = r - -13. Suppose 2*t = -i*k + k - 24, -k - t + 30 = 0. What is the units digit of k?
8
Let w = 738 - 490. What is the units digit of w?
8
What is the thousands digit of 274967/22*-6*(-5)/105?
3
Let c(o) = 6 + 4 - 3 - 3 - 4*o + 2*o**2. What is the units digit of c(7)?
4
Suppose -49*h + 3*h = -35374. What is the tens digit of h?
6
Suppose -5 = -0*w - w. Let s be (-45)/(-3)*(-1)/(-3). Suppose 4*c - 2 - 3 = -z, -w*z - s*c + 100 = 0. What is the units digit of z?
5
What is the tens digit of 3/(-6)*-3084 + -6?
3
What is the hundreds digit of ((-1102)/(-5))/((-15)/(-75))?
1
Let t be (3 - 21/9)*747. Suppose 6*f - t = -138. What is the tens digit of f?
6
Let n(x) = -9*x - 13. Let h(u) = 4*u + 7. Let m(y) = 7*h(y) + 3*n(y). Let q be m(-5). Suppose 19 = z + 3*w, 0 = -z + q*w - w + 26. What is the units digit of z?
2
Suppose f - 4 = -37. Let j = f - -83. Suppose -j = -4*h + 2*h. What is the tens digit of h?
2
Let y = 15 + -11. Suppose 0 = 2*o - 0 - y. What is the tens digit of 3/6*o + 13?
1
Let m = 644 - 362. What is the units digit of m?
2
Suppose -4*r - 4 - 4 = -2*b, 2*r = 4*b - 16. Suppose 2*a = -3*i - i + 918, 0 = -b*i + 5*a + 897. What is the tens digit of i?
2
Suppose 0 = -4*o + 2*d + 16, 0 = -o + 4*o + 5*d + 1. Suppose 3*s = o, y - 1 = 2*y - 5*s. Suppose 0 = -y*b + 145 - 41. What is the units digit of b?
6
Suppose -5640 = -2*q + s, -4*q + 11294 = -s + 6*s. What is the thousands digit of q?
2
Let k(n) = 4*n**2 + 1. Let c be k(1). Suppose m + 100 = c*w - 426, 2*w + 2*m = 220. What is the tens digit of w?
0
Let f be (-1 + (-69)/15)*5. Let p be 7/(f/8) - -4. Suppose 0 = -p*g + 41 + 7. What is the units digit of g?
4
Suppose 5*x = 3*j + 15, -x - j = 4*j - 3. Suppose x*o + 15 = 3*f, 5*f + 2*o = -o + 9. What is the units digit of f?
3
Let f be (-7 + 4 - -9)*(-2)/(-4). Suppose -5*y = -0*y + h - 40, -5*h + 4 = -f*y. What is the units digit of y?
7
Let r = -2925 + 5847. What is the tens digit of r?
2
Let t(z) = z**3 + 50*z**2 + 48*z + 188. What is the units digit of t(-48)?
2
Let i = 85 + -80. Let s(a) = a**3 + 4*a**2 - 2*a - 5. What is the units digit of s(i)?
0
Let n(x) = -x**3 + 2*x - 3. Let t(p) = p**2 + 3*p - 8. Let l be t(-4). What is the units digit of n(l)?
3
What is the units digit of 14/(-63) + 6392/9?
0
Suppose 0 = 7*u + 5 - 5. Suppose u = -3*v + 253 + 674. What is the units digit of v?
9
Suppose 2*y = -2*y + 16. Suppose 2*k + 3 = -4*v - 3, 5*v = -5*k - 10. What is the units digit of 455/28 + k/y?
6
Let y(p) = p + 9. Let w be y(-4). Suppose -w*g + 25 = -4*g. What is the units digit of g?
5
Let n(g) = g. Let u(k) = -k**3 + k**2 + 5*k - 3. Let f(y) = -y. Let c be f(2). Let p(j) = c*n(j) + u(j). What is the tens digit of p(-3)?
2
Let v(a) = 10*a**2 - 20*a -